 by 10.
8
Suppose 13 - 3 = 5*d - 2*y, 0 = 2*d - 5*y - 4. Let r be 0*(-1 + 3/d). Suppose r = 3*b - 7*b + 96. Calculate the remainder when b is divided by 13.
11
Suppose -4*g + 6 + 186 = 2*v, 4*v = -3*g + 144. What is the remainder when g is divided by 16?
0
Suppose -4*r - 23 = -159. Suppose -3*s - 2*s = -15. Suppose 3*m - 3*p - 24 = 0, -s*m + 4*m + 5*p = 32. What is the remainder when r is divided by m?
10
Suppose 5*v - 3*w - 49 = -0*w, 4*v - 5*w - 47 = 0. What is the remainder when v is divided by (1 + 0)*(4 - -1)?
3
Let i = 9 + -7. Suppose -i*j + 62 = 2*j + 3*v, -2*v + 13 = j. What is the remainder when 48 is divided by j?
14
Suppose -4*y + 38 = 5*b, -y + 0*b + b + 14 = 0. Calculate the remainder when 15 is divided by y.
3
Suppose -4*u = -99 + 19. Let k = 28 + 22. What is the remainder when k is divided by 34*(-2 - u/(-8))?
16
Suppose -4*a + a = z - 118, 16 = a + 5*z. What is the remainder when (-2)/((4/a)/(-2)) is divided by 14?
13
Let y = -116 + 122. Let b(n) = 3*n**3 - n**2 + 1. Suppose -8 = -4*w - 2*h - 0*h, -3*h + 10 = 5*w. What is the remainder when b(w) is divided by y?
3
What is the remainder when ((-4)/3)/(1/(-9)) is divided by 7?
5
Let q = 165 + -82. What is the remainder when q is divided by 17?
15
Let x be (-246)/30*5/(-1). Suppose 5*b + 4*f - x = 6*f, -5*f = -4*b + 26. What is the remainder when b is divided by 4?
1
Let l be (-8)/(-14)*7/2. Suppose l*t + 2*w - 25 = 3, 24 = t + 3*w. What is the remainder when 34 is divided by t?
7
Let q(a) = a**3 + a**2 - 3*a + 10. What is the remainder when q(3) is divided by 19?
18
Suppose -5*i - 5*x + 300 = 0, 4*i = 2*i + 3*x + 120. Calculate the remainder when i is divided by 31.
29
Suppose i - 180 = -0*f - 2*f, -5*i + 3*f = -952. Suppose 5*p = 42 + i. Calculate the remainder when p is divided by 16.
14
Let h(x) = -30*x**3 + 2*x**2 + x. Let a = 506 + -489. What is the remainder when h(-1) is divided by a?
14
Let t = -8 - -10. What is the remainder when 2 - t - 0 - -25 is divided by 9?
7
Calculate the remainder when 30 is divided by 756/81 - (-1)/(-3).
3
Let j be 36/8*-22 - 1. What is the remainder when (-5)/(j/88)*10 is divided by 15?
14
Suppose -2*l = 3*l - 145. Calculate the remainder when l is divided by 16.
13
Let m(g) be the first derivative of -g**3/3 + g**2/2 + 6*g + 1. What is the remainder when m(0) is divided by 24/(-42)*(1 + -3 - 5)?
2
Suppose 0 = 14*n - 14 - 182. Suppose -3*r = -3*t + 36, 5*t - 72 + 24 = 2*r. What is the remainder when n is divided by t?
6
Let c(l) = -3 + 2*l**2 + 2 + 3*l - l**2 - 7. Calculate the remainder when c(-6) is divided by 6.
4
Suppose -i - 3*i = -44. Suppose g - i = -0*g. Calculate the remainder when 31 is divided by g.
9
Suppose 0 = -m + 4*b + 5, b = -4*m + 3*b - 8. Let p = 15 - 26. Calculate the remainder when 21 is divided by 0*m/(-3) - p.
10
Suppose 4*t - t = 33. Let z be ((-12)/(-10))/(2/(-10)). Calculate the remainder when (-3)/(-9) + (-118)/z is divided by t.
9
Let v = 3 - 2. Let s = 7 + v. What is the remainder when 23 is divided by s?
7
Suppose -4*s + 2*v + 191 + 241 = 0, -s - 2*v = -103. What is the remainder when s is divided by 22?
19
Suppose -14 = -3*n + n. Let j(i) = 2*i**2 - 4*i**2 - 1 + 9*i + i**2. Calculate the remainder when 25 is divided by j(n).
12
Let t = 60 + -42. What is the remainder when t is divided by 11?
7
Let f(k) = k**3 + 9*k**2 - 12*k - 12. Suppose 5*q - m - 73 = 0, -3*q + 5*m = 4*m - 43. What is the remainder when q is divided by f(-10)?
7
Let p(n) = n**3 - n**2 - 4*n - 1. Suppose 0 = -2*c + u + 13, -5*c + 0*u + 5 = 3*u. Let h = 18 - c. Calculate the remainder when h is divided by p(3).
4
Let m(z) = 0*z**2 - z + 12 - 6*z**2 + 6*z**2 - z**3. What is the remainder when 23 is divided by m(0)?
11
Let c(y) = y. Let f be c(1). Let l be 1 + -1*11 + f. Let v = 12 - l. What is the remainder when v is divided by 11?
10
Calculate the remainder when 65 is divided by ((-6)/(-8))/(1/44).
32
Let n(x) = x**3 - 6*x**2 - 3*x - 16. Calculate the remainder when 33 is divided by n(7).
9
Suppose -7*b + 80 = -116. What is the remainder when 104 is divided by b?
20
Suppose 0*w - 2*w + 26 = 0. Let d(j) = -j**2 + 10*j + 4. Calculate the remainder when d(7) is divided by w.
12
Let l be 22 + 1*0/(-3). Let w be (4 - (-2)/(-1)) + 2. Suppose w*z - 94 = -l. What is the remainder when 53 is divided by z?
17
Suppose 10*n - 14 - 16 = 0. Calculate the remainder when 18 is divided by n.
0
Let p = -7 - -9. Let i(g) = -12 + 4*g**2 + p*g**2 + 11. Calculate the remainder when 67 is divided by i(-2).
21
Suppose 3*b - 115 = -2*b - 5*m, 4*b = m + 72. Let u(j) = j**3 + 16*j**2 + 12*j + 10. What is the remainder when u(-15) is divided by b?
17
Let p(b) = 10*b - 2. Let r be p(2). What is the remainder when (-195)/6*r/(-15) is divided by 14?
11
Suppose 4*d + 9 = d, 0 = -2*n - 5*d - 5. Suppose 0 = u + 1 - n. Calculate the remainder when 143/44*(0 - (-4)/1) is divided by u.
1
Suppose -9*q - 312 = -12*q. What is the remainder when q is divided by 15?
14
Suppose -34 = -q + 25. Calculate the remainder when q is divided by ((-60)/(-18))/((-1)/(-6)).
19
Let o be (-1)/(1/(-2)*1). Calculate the remainder when o/8 + 278/8 is divided by (12/10)/(1/10).
11
Suppose 26*m + 490 = 31*m. What is the remainder when m is divided by 27?
17
Let u(f) = -3*f**2 - 8*f + 4. Let r(l) = -2*l**2 - 5*l + 3. Let h(a) = -8*r(a) + 5*u(a). What is the remainder when h(7) is divided by 23?
22
Let k = -63 + 77. Calculate the remainder when 123 is divided by k.
11
Suppose -5*u = 3*g - 73, -3 = g + 1. Calculate the remainder when u is divided by 10.
7
Let z = 1 - -2. Suppose -z*f = -f - 64. What is the remainder when f is divided by (-53)/(-3) + (-12)/18?
15
Let t = 6 + -3. Suppose 10 + 8 = t*i. Let y = 14 - i. Calculate the remainder when 22 is divided by y.
6
Let n = -13 + 22. Let y(h) = h**2 + 3*h - 2. Calculate the remainder when y(-6) is divided by n.
7
Suppose 0 = -13*t - 19*t + 320. Let h(i) = 5*i**3 - i**2 + i. What is the remainder when h(2) is divided by t?
8
Let r = -38 - -71. Suppose 12*v - 12 = 96. Calculate the remainder when r is divided by v.
6
Suppose k + 2*m = 10, -4*k + 4*m - 8*m = -24. Suppose 0 = -4*s + k*s - 3*l - 3, -s - 14 = -l. What is the remainder when (-12)/(0 - s/(-6)) is divided by 5?
3
Suppose 2*w - 689 = -5*p, 0*w = -5*p - 3*w + 691. What is the remainder when p is divided by 35?
32
Let x = -20 + 66. Calculate the remainder when x is divided by 16.
14
Let i be -5*(64/20 - 0). Let n = i - -28. Calculate the remainder when 45 is divided by n.
9
Suppose 8*d - 92 = 4*d. Calculate the remainder when d is divided by 13.
10
Let l be 2/(12/8 - 1). What is the remainder when 20 is divided by (-2)/l - 207/(-18)?
9
Suppose 5*q + 4*v = 62, -q - 2*v = -5*v - 20. Calculate the remainder when 36 is divided by q.
8
What is the remainder when 2 is divided by 3 - 1 - 2/10*5?
0
Calculate the remainder when 80/3 + (-2)/3 is divided by 15.
11
Suppose 0 = 2*u - u - 34. Let h = u - 21. What is the remainder when h is divided by 4?
1
Suppose -3*w - 4*t + 109 = 0, -t = -3*t + 8. Calculate the remainder when 120 is divided by w.
27
Suppose -2*f = -3*f - 4, -5*f - 48 = -4*v. Calculate the remainder when 19 is divided by v.
5
Suppose 5*w + 3*h = -0*w + 67, 2*w - 4*h = 6. Calculate the remainder when 30 is divided by w.
8
Let g = -18 + 27. Let d be -2 + 2 - (-62 - 2). Let p = -29 + d. What is the remainder when p is divided by g?
8
Let m = 1 - -4. Calculate the remainder when 123/15 + 3/(-15) is divided by m.
3
Suppose 25 + 29 = 2*f. Suppose 0 = 29*p - 26*p - f. Calculate the remainder when p is divided by 6.
3
Let b = -36 - -44. Calculate the remainder when 31 is divided by b.
7
Suppose 0 = 4*n - 8, -5*u + 0*n - 4*n = -18. Suppose -u*o + 3 = t, 4*t + 6 = o + 3*t. Calculate the remainder when o*12 - (-3 - -2) is divided by 13.
11
Calculate the remainder when 3/(-5) + 980/50 is divided by 5.
4
Let q be 2/8 - 417/(-12). Suppose s = -0*s + q. Calculate the remainder when s is divided by 12.
11
Let b = 8 + 1. Suppose r = -j - 1, 3*j - 5*r - b = 7*j. Suppose -4*t + t = -9, -3*p + 78 = -j*t. Calculate the remainder when p is divided by 16.
14
Suppose 0 = -14*v + 11*v + 48. Suppose 0 = -3*u + 6, 4*u = -o - 0*u + 54. Calculate the remainder when o is divided by v.
14
Let w = -53 + 85. Calculate the remainde